vided by 108.
23
Calculate the remainder when 188 is divided by 50.
38
What is the remainder when 56 is divided by 32?
24
Calculate the remainder when 2604 is divided by 33.
30
Calculate the remainder when 155 is divided by 53.
49
What is the remainder when 1433 is divided by 473?
14
What is the remainder when 122 is divided by 19?
8
Calculate the remainder when 3913 is divided by 74.
65
Calculate the remainder when 464 is divided by 28.
16
What is the remainder when 148 is divided by 81?
67
What is the remainder when 310 is divided by 293?
17
What is the remainder when 89 is divided by 13?
11
What is the remainder when 485 is divided by 112?
37
Calculate the remainder when 508 is divided by 57.
52
Calculate the remainder when 334 is divided by 16.
14
Calculate the remainder when 110 is divided by 57.
53
Calculate the remainder when 25703 is divided by 485.
483
What is the remainder when 836 is divided by 24?
20
What is the remainder when 631 is divided by 64?
55
What is the remainder when 461 is divided by 77?
76
What is the remainder when 429 is divided by 10?
9
What is the remainder when 231 is divided by 18?
15
What is the remainder when 142 is divided by 16?
14
Calculate the remainder when 7018 is divided by 1402.
8
Calculate the remainder when 84 is divided by 9.
3
What is the remainder when 185 is divided by 31?
30
What is the remainder when 132 is divided by 9?
6
What is the remainder when 196 is divided by 54?
34
What is the remainder when 283 is divided by 122?
39
What is the remainder when 240 is divided by 69?
33
Calculate the remainder when 2254 is divided by 198.
76
What is the remainder when 34 is divided by 32?
2
What is the remainder when 259 is divided by 55?
39
What is the remainder when 227 is divided by 78?
71
Calculate the remainder when 200 is divided by 140.
60
What is the remainder when 4049 is divided by 24?
17
Calculate the remainder when 13270 is divided by 12.
10
What is the remainder when 254 is divided by 28?
2
What is the remainder when 265 is divided by 258?
7
Calculate the remainder when 402 is divided by 9.
6
What is the remainder when 2095 is divided by 39?
28
What is the remainder when 1812 is divided by 165?
162
What is the remainder when 4340 is divided by 2?
0
Calculate the remainder when 231 is divided by 13.
10
Calculate the remainder when 753 is divided by 20.
13
What is the remainder when 139 is divided by 49?
41
What is the remainder when 234 is divided by 20?
14
Calculate the remainder when 106 is divided by 31.
13
Calculate the remainder when 1468 is divided by 45.
28
Calculate the remainder when 195 is divided by 11.
8
Calculate the remainder when 205 is divided by 65.
10
Calculate the remainder when 466 is divided by 196.
74
What is the remainder when 756 is divided by 78?
54
What is the remainder when 9744 is divided by 3245?
9
Calculate the remainder when 303 is divided by 14.
9
What is the remainder when 221 is divided by 147?
74
What is the remainder when 209 is divided by 64?
17
Calculate the remainder when 51 is divided by 3.
0
What is the remainder when 185 is divided by 44?
9
What is the remainder when 12574 is divided by 16?
14
What is the remainder when 292 is divided by 42?
40
What is the remainder when 1030 is divided by 63?
22
What is the remainder when 604 is divided by 55?
54
What is the remainder when 1417 is divided by 144?
121
What is the remainder when 895 is divided by 31?
27
What is the remainder when 734 is divided by 30?
14
Calculate the remainder when 80 is divided by 63.
17
What is the remainder when 522 is divided by 23?
16
What is the remainder when 701 is divided by 662?
39
What is the remainder when 771 is divided by 12?
3
Calculate the remainder when 2168 is divided by 13.
10
What is the remainder when 412 is divided by 87?
64
What is the remainder when 9354 is divided by 24?
18
Calculate the remainder when 1140 is divided by 31.
24
Calculate the remainder when 538 is divided by 149.
91
Calculate the remainder when 150 is divided by 46.
12
What is the remainder when 8931 is divided by 446?
11
Calculate the remainder when 2017 is divided by 670.
7
What is the remainder when 1897 is divided by 25?
22
Calculate the remainder when 710 is divided by 89.
87
Calculate the remainder when 88 is divided by 28.
4
Calculate the remainder when 80 is divided by 52.
28
Calculate the remainder when 245 is divided by 73.
26
What is the remainder when 169 is divided by 43?
40
Calculate the remainder when 57 is divided by 21.
15
Calculate the remainder when 127 is divided by 1.
0
Calculate the remainder when 57 is divided by 46.
11
Calculate the remainder when 56 is divided by 12.
8
What is the remainder when 143 is divided by 24?
23
What is the remainder when 219 is divided by 36?
3
Calculate the remainder when 186 is divided by 10.
6
Calculate the remainder when 6012 is divided by 94.
90
Calculate the remainder when 3095 is divided by 12.
11
What is the remainder when 3858 is divided by 10?
8
What is the remainder when 294 is divided by 81?
51
Calculate the remainder when 165 is divided by 28.
25
What is the remainder when 913 is divided by 225?
13
What is the remainder when 299 is divided by 38?
33
What is the remainder when 5586 is divided by 65?
61
What is the remainder when 140 is divided by 15?
5
What is the remainder when 462 is divided by 4?
2
Calculate the remainder when 357 is divided by 91.
84
What is the remainder when 2074 is divided by 67?
64
What is the remainder when 374 is divided by 25?
24
What is the remainder when 388 is divided by 146?
96
Calculate the remainder when 86 is divided by 53.
33
What is the remainder when 255 is divided by 16?
15
What is the remainder when 1345 is divided by 148?
13
Calculate the remainder when 239 is divided by 69.
32
Calculate the remainder when 282 is divided by 263.
19
What is the remainder when 1712 is divided by 33?
29
What is the remainder when 424 is divided by 5?
4
What is the remainder when 347 is divided by 42?
11
What is the remainder when 3119 is divided by 23?
14
Calculate the remainder when 2822 is divided by 181.
107
What is the remainder when 377 is divided by 10?
7
Calculate the remainder when 807 is divided by 81.
78
Calculate the remainder when 237 is divided by 75.
12
What is the remainder when 173 is divided by 45?
38
Calculate the remainder when 198 is divided by 20.
18
What is the remainder when 402 is divided by 58?
54
What is the remainder when 258 is divided by 56?
34
Calculate the remainder when 132 is divided by 69.
63
What is the remainder when 31 is divided by 12?
7
What is the remainder when 9381 is divided by 1874?
11
Calculate the remainder when 953 is divided by 376.
201
What is the remainder when 19039 is divided by 56?
55
What is the remainder when 1752 is divided by 91?
23
Calculate the remainder when 255 is divided by 48.
15
Calculate the remainder when 1114 is divided by 187.
179
What is the remainder when 521 is divided by 101?
16
What is the remainder when 934 is divided by 85?
84
Calculate the remainder when 11481 is divided by 116.
113
What is the remainder when 207 is divided by 204?
3
Calculate the remainder when 49 is divided by 18.
13
What is the remainder when 1600 is divided by 9?
7
Calculate the remainder when 2123 is divided by 19.
14
Calculate the remainder when 239 is divided by 5.
4
Calculate the remainder when 42 is divided by 22.
20
Calculate the remainder when 196 is divided by 50.
46
Calculate the remainder when 1489 is divided by 135.
4
What is the remainder when 567 is divided by 65?
47
What is the remainder when 648 is divided by 94?
84
What is the remainder when 515 is divided by 62?
19
Calculate the remainder when 283 is divided by 136.
11
What is the remainder when 895 is divided by 447?
1
Calculate the remainder when 965 is divided by 140.
125
What is the remainder when 52 is divided by 32?
20
Calculate the remainder when 35112 is divided by 37.
36
What is the remainder when 215 is divided by 11?
6
Calculate the remainder when 7693 is divided by 171.
169
What is the remainder when 6071 is divided by 138?
137
Calculate the remainder when 165 is divided by 56.
53
Calculate the remainder when 398 is divided by 67.
63
What is the remainder when 6981 is divided by 14?
9